{"id":3381,"date":"2016-11-12T23:17:02","date_gmt":"2016-11-12T22:17:02","guid":{"rendered":"http:\/\/www.westbahn-united.at\/?page_id=3381"},"modified":"2016-11-12T23:57:56","modified_gmt":"2016-11-12T22:57:56","slug":"spielbericht-wbu-ksv-herbst-2016","status":"publish","type":"page","link":"http:\/\/www.westbahn-united.at\/?page_id=3381","title":{"rendered":"Spielbericht WBU &#8211; KSV, Herbst 2016"},"content":{"rendered":"\n<style type=\"text\/css\" data-created_by=\"avia_inline_auto\" id=\"style-css-av-av_two_third-9497bbf8bff73ea4c6992cc17fa9ec36\">\n.flex_column.av-av_two_third-9497bbf8bff73ea4c6992cc17fa9ec36{\nborder-radius:0px 0px 0px 0px;\npadding:0px 0px 0px 0px;\n}\n<\/style>\n<div  class='flex_column av-av_two_third-9497bbf8bff73ea4c6992cc17fa9ec36 av_two_third  avia-builder-el-0  el_before_av_one_third  avia-builder-el-first  first flex_column_div av-zero-column-padding  '     ><section  class='av_textblock_section av-av_textblock-0366cc7376be6c9e82a3e9cc8987b64f '   itemscope=\"itemscope\" itemtype=\"https:\/\/schema.org\/CreativeWork\" ><div class='avia_textblock'  itemprop=\"text\" ><h3>Auch zweites Match gegen den KSV geht verloren: nach anf\u00e4nglich gutem Start mit 6:9.<\/h3>\n<p><strong>Spielbericht:<\/strong><\/p>\n<p>Im vierten L\u00e4nderspiel dieses Jahres tritt WBU gegen den KSV an, der (wie immer gegen uns) ein Heimspiel auf der Marswiese austr\u00e4gt.<br \/>\nMit einem gegl\u00fcckten Start, in dem sich der KSV \u00fcberrumpelt sieht, geht WBU durch ein Ferserl von Gerald und einen starken Schuss durch Christoph in F\u00fchrung. Erst nach einer Viertelstunde antwortet der Gegner mit dem Anschlusstreffer. Anschlie\u00dfend vergeht eine Viertelstunde, in der sich die Defensivabteilungen beider Mannschaften keine Bl\u00f6\u00dfe geben \u2013 vor allem die Torleute sind in Paradelaune. Doch schlie\u00dflich muss WBU in der 28. Minute den Ausgleich hinnehmen, kurz danach folgt sogar der F\u00fchrungstreffer f\u00fcr die Gastgeber. Etwas beeindruckt von den nun wieder pl\u00f6tzlich aneinandergereihten Ereignissen gelingt es WBU erst nach Wiederanpfiff, den Ausgleich herzustellen \u2013 der Torsch\u00fctze: wiederholt Gerald, der abermals mit der Ferse den KSV-Schlussmann in Verlegenheit bringt.<br \/>\nDie Hoffnung keimt lediglich vier Minuten lang \u2013 dem KSV gelingt es, uns zwischen der 55. und 71. Minute f\u00fcnf Tore einzuschenken. Einerseits vergolden die Gastgeber in dieser Phase jede Aktion, es springt sogar ein sehenswertes Tor durch einen Heber heraus. Andererseits macht die Defensive von WBU in diesem Abschnitt einen mehr als unkoordinierten Eindruck. Beim Stand von 3:8 raffen sich die G\u00e4ste aber nochmal auf und kommen durch einen Doppelpack von G\u00fcnther und ein Eigentor des KSV bis auf zwei Tore Unterschied heran \u2013 so der Zwischenstand zwei Minuten vor Schluss. In der 90. Minute machen die G\u00e4ste den Sack zu und dem WBU bleibt die Erkenntnis, dass ein auf gr\u00f6\u00dferen Pl\u00e4tzen eingespieltes Team im Marswiesen-Hallenformat meistens am l\u00e4ngeren Hebel sitzt.<br \/>\nDie ausgeglichene Bilanz gegen den KSV (seit 2003) lautet nunmehr nur noch: 12 Siege, 4 Unentschieden und 12 Niederlagen.<\/p>\n<\/div><\/section><\/div>\n<style type=\"text\/css\" data-created_by=\"avia_inline_auto\" id=\"style-css-av-av_one_third-9c1d454dc06f7247226bc4e8f931daae\">\n.flex_column.av-av_one_third-9c1d454dc06f7247226bc4e8f931daae{\nborder-radius:0px 0px 0px 0px;\npadding:0px 0px 0px 0px;\n}\n<\/style>\n<div  class='flex_column av-av_one_third-9c1d454dc06f7247226bc4e8f931daae av_one_third  avia-builder-el-2  el_after_av_two_third  avia-builder-el-last  flex_column_div av-zero-column-padding  '     ><section  class='av_textblock_section av-av_textblock-0366cc7376be6c9e82a3e9cc8987b64f '   itemscope=\"itemscope\" itemtype=\"https:\/\/schema.org\/CreativeWork\" ><div class='avia_textblock'  itemprop=\"text\" ><p>Die <strong>Aufstellung von WBU<\/strong>:<br \/>\n<strong>Tor:<\/strong> Guy Ndongala<br \/>\n<strong>Feld:<\/strong> Christoph Kerber (1), Karl Kirchhofer, G\u00fcnther Jedlicka (2), Gerald Scharon (2), Gottfried Schl\u00f6glhofer, Kajetan Stransky-Can, Martin Thenmayer.<\/p>\n<p><strong>\u201eL\u00e4nderspiel\u201c-Koordinator:<\/strong> Edi Galler<\/p>\n<\/div><\/section><\/div><\/p>\n","protected":false},"excerpt":{"rendered":"","protected":false},"author":1,"featured_media":0,"parent":0,"menu_order":0,"comment_status":"closed","ping_status":"closed","template":"","meta":{"footnotes":""},"class_list":["post-3381","page","type-page","status-publish","hentry"],"_links":{"self":[{"href":"http:\/\/www.westbahn-united.at\/index.php?rest_route=\/wp\/v2\/pages\/3381","targetHints":{"allow":["GET"]}}],"collection":[{"href":"http:\/\/www.westbahn-united.at\/index.php?rest_route=\/wp\/v2\/pages"}],"about":[{"href":"http:\/\/www.westbahn-united.at\/index.php?rest_route=\/wp\/v2\/types\/page"}],"author":[{"embeddable":true,"href":"http:\/\/www.westbahn-united.at\/index.php?rest_route=\/wp\/v2\/users\/1"}],"replies":[{"embeddable":true,"href":"http:\/\/www.westbahn-united.at\/index.php?rest_route=%2Fwp%2Fv2%2Fcomments&post=3381"}],"version-history":[{"count":3,"href":"http:\/\/www.westbahn-united.at\/index.php?rest_route=\/wp\/v2\/pages\/3381\/revisions"}],"predecessor-version":[{"id":3386,"href":"http:\/\/www.westbahn-united.at\/index.php?rest_route=\/wp\/v2\/pages\/3381\/revisions\/3386"}],"wp:attachment":[{"href":"http:\/\/www.westbahn-united.at\/index.php?rest_route=%2Fwp%2Fv2%2Fmedia&parent=3381"}],"curies":[{"name":"wp","href":"https:\/\/api.w.org\/{rel}","templated":true}]}}